the highest common factor of 2600 and 15080.
520
What is the greatest common factor of 17085 and 4623?
201
What is the greatest common divisor of 57 and 62463?
3
Calculate the greatest common factor of 623268 and 348.
348
Calculate the highest common divisor of 2737 and 9265.
17
Calculate the highest common factor of 160 and 102640.
80
What is the highest common divisor of 30852 and 540?
36
Calculate the highest common factor of 6520884 and 24.
12
What is the greatest common divisor of 1020 and 1129548?
204
Calculate the greatest common factor of 2920 and 1158510.
730
Calculate the highest common divisor of 60 and 170680.
20
What is the highest common factor of 217927 and 8809?
383
What is the greatest common divisor of 1268 and 3034958?
634
What is the highest common divisor of 10452 and 6?
6
What is the highest common factor of 235188 and 188?
188
What is the highest common factor of 1313 and 773357?
1313
What is the highest common divisor of 2122927 and 19?
19
Calculate the greatest common divisor of 966 and 536613.
483
Calculate the highest common divisor of 915 and 1215.
15
Calculate the highest common factor of 5028 and 4824.
12
Calculate the greatest common divisor of 8239 and 7469.
77
What is the highest common divisor of 17637 and 3?
3
Calculate the highest common divisor of 1068 and 372.
12
Calculate the highest common divisor of 299 and 163553.
299
Calculate the greatest common divisor of 69 and 2636053.
23
What is the highest common factor of 280 and 5138?
14
What is the highest common divisor of 942 and 3448?
2
Calculate the greatest common factor of 541135 and 455.
35
Calculate the greatest common divisor of 69889 and 94.
47
What is the highest common factor of 118 and 301726?
118
Calculate the highest common factor of 115851 and 1058.
529
Calculate the greatest common factor of 16632 and 5760.
72
What is the greatest common divisor of 3760 and 21580?
20
Calculate the greatest common divisor of 32424 and 432.
24
Calculate the highest common divisor of 755464 and 32.
8
Calculate the greatest common divisor of 9086 and 242.
22
Calculate the highest common factor of 227029 and 11.
11
Calculate the greatest common factor of 13588 and 38868.
316
Calculate the greatest common factor of 575 and 2563235.
115
What is the highest common divisor of 110288 and 28476?
452
What is the greatest common divisor of 754 and 21402?
58
Calculate the greatest common divisor of 5244 and 22908.
276
Calculate the greatest common divisor of 195871 and 57.
19
What is the highest common divisor of 115 and 116495?
115
What is the greatest common factor of 25627 and 343?
49
What is the greatest common divisor of 377 and 3393?
377
What is the greatest common divisor of 8079 and 2?
1
What is the greatest common divisor of 21830 and 1850?
370
What is the highest common divisor of 444 and 69276?
12
Calculate the greatest common divisor of 717068 and 11.
11
What is the greatest common divisor of 629612 and 188?
188
What is the highest common factor of 636 and 45156?
636
What is the highest common factor of 145 and 554741?
29
Calculate the greatest common factor of 1881 and 429.
33
What is the highest common factor of 5316 and 20?
4
What is the greatest common factor of 294 and 65478?
42
Calculate the highest common factor of 336 and 1007664.
336
Calculate the greatest common factor of 3020 and 124.
4
What is the greatest common factor of 11242 and 34018?
146
What is the highest common divisor of 1116 and 3661038?
558
What is the highest common factor of 294 and 139797?
147
Calculate the highest common divisor of 2445201 and 297.
297
Calculate the greatest common divisor of 114 and 57475.
19
Calculate the highest common divisor of 1740230 and 20.
10
What is the greatest common factor of 8592 and 208?
16
What is the highest common factor of 3567892 and 51?
17
What is the greatest common factor of 1330 and 508991?
133
Calculate the highest common factor of 9 and 2529.
9
Calculate the greatest common divisor of 36 and 1477716.
12
What is the highest common factor of 5096 and 3563378?
1274
Calculate the greatest common factor of 166 and 23987.
83
What is the greatest common factor of 443611 and 1996?
499
Calculate the highest common divisor of 163071 and 9.
9
What is the greatest common divisor of 396 and 39303?
99
Calculate the highest common factor of 233334 and 297.
27
What is the greatest common divisor of 490 and 82369?
49
Calculate the highest common divisor of 275 and 619575.
275
What is the greatest common divisor of 731 and 952?
17
Calculate the greatest common factor of 40 and 49365.
5
Calculate the greatest common factor of 32 and 22552.
8
What is the highest common factor of 231484 and 44?
44
Calculate the highest common factor of 11 and 1032141.
11
What is the highest common factor of 39710 and 1490?
10
What is the greatest common divisor of 403112 and 4264?
328
What is the highest common divisor of 157170 and 6820?
310
Calculate the greatest common divisor of 8 and 60820.
4
Calculate the highest common divisor of 47 and 456887.
47
What is the greatest common divisor of 209474 and 3232?
202
Calculate the greatest common factor of 93766 and 2768.
346
Calculate the greatest common factor of 384 and 1728.
192
Calculate the highest common factor of 40004 and 5183.
73
What is the greatest common factor of 220871 and 4865?
973
What is the highest common divisor of 1060017 and 14?
7
What is the greatest common factor of 498 and 606?
6
Calculate the highest common divisor of 73283 and 1463.
133
What is the greatest common factor of 135233 and 7?
7
What is the highest common factor of 45688 and 16?
8
What is the greatest common divisor of 25404 and 579912?
876
What is the highest common factor of 268 and 68943?
67
What is the greatest common divisor of 44 and 22594?
22
Calculate the highest common divisor of 432 and 11034.
18
What is the highest common factor of 192183 and 29?
29
Calculate the greatest common divisor of 260 and 49205.
65
What is the greatest common factor of 4042326 and 236?
118
Calculate the highest common factor of 3150168 and 420.
84
What is the highest common divisor of 41717 and 39?
13
Calculate the greatest common divisor of 5605658 and 674.
674
What is the greatest common factor of 233085 and 30?
15
What is the highest common divisor of 45568 and 896?
128
Calculate the highest common factor of 1217898 and 22.
22
Calculate the greatest common factor of 1145123 and 29.
29
Calculate the highest common divisor of 855 and 2375.
95
Calculate the greatest common divisor of 9 and 6375384.
9
What is the highest common divisor of 1 and 60937?
1
Calculate the highest common factor of 8197 and 35.
7
What is the highest common factor of 18530 and 136?
34
What is the greatest common divisor of 845150 and 50?
50
What is the highest common factor of 205110 and 159?
159
What is the greatest common divisor of 80 and 45680?
80
What is the greatest common factor of 1190 and 3774?
34
Calculate the greatest common factor of 2985884 and 176.
44
What is the highest common factor of 346065 and 45?
15
Calculate the highest common factor of 754 and 579449.
377
Calculate the highest common divisor of 55 and 10615.
55
What is the highest common divisor of 694406 and 212?
106
Calculate the highest common factor of 234 and 1139034.
78
What is the highest common divisor of 755506 and 1006?
1006
What is the greatest common factor of 2514135 and 26?
13
Calculate the greatest common factor of 98 and 78743.
49
What is the greatest common divisor of 63843 and 975?
39
What is the highest common divisor of 1725 and 775560?
345
What is the greatest common factor of 11 and 127985?
11
Calculate the greatest common factor of 9 and 663543.
9
Calculate the highest common factor of 156184 and 224.
56
Calculate the greatest common divisor of 129855 and 15.
15
What is the greatest common divisor of 3494 and 38?
2
Calculate the highest common divisor of 1180 and 340.
20
Calculate the greatest common factor of 180243 and 63.
63
Calculate the greatest common factor of 1683 and 1551.
33
What is the highest common factor of 142 and 143278?
142
Calculate the greatest common factor of 308 and 9380.
28
Calculate the highest common divisor of 13338 and 31616.
494
What is the highest common fa